{"id":634359,"date":"2017-01-02T00:00:00","date_gmt":"2017-01-01T23:00:00","guid":{"rendered":"https:\/\/www.ie.edu\/insights\/latest-news\/videos\/lider-la-toma-decisiones-situaciones-criticas\/"},"modified":"2025-03-17T18:42:53","modified_gmt":"2025-03-17T17:42:53","slug":"lider-la-toma-decisiones-situaciones-criticas","status":"publish","type":"videos","link":"https:\/\/www.ie.edu\/insights\/es\/videos\/lider-la-toma-decisiones-situaciones-criticas\/","title":{"rendered":"El l\u00edder y la toma de decisiones en situaciones cr\u00edticas"},"featured_media":670159,"template":"","meta":{"_has_post_settings":[]},"schools":[],"areas":[39,40,45],"subjects":[],"class_list":["post-634359","videos","type-videos","status-publish","has-post-thumbnail","hentry","areas-asuntos-globales-y-derecho","areas-ciencias-humanas","areas-talento"],"custom-fields":{"wpcf-video-media":["https:\/\/www.youtube.com\/watch?v=UARiAe_fp3A"],"wpcf-video-description":["Los retos que presenta hoy el liderazgo y las claves para la toma de decisiones en situaciones cr\u00edticas son algunos de los temas que se abordan en esta entrevista que William D\u00e1vila, director de IE para Empresas e Instituciones, mantiene con \u00c1lvaro Uribe, expresidente de Colombia.\r\n\r\n\u00a9 IE Insights."],"wpcf-video-extract-enable":["1"],"wpcf-video-extract":["Entrevista con <strong>\u00c1lvaro Uribe<\/strong>, expresidente de Colombia."],"wpcf-insights-transcription":[""]},"_links":{"self":[{"href":"https:\/\/www.ie.edu\/insights\/es\/wp-json\/wp\/v2\/videos\/634359","targetHints":{"allow":["GET"]}}],"collection":[{"href":"https:\/\/www.ie.edu\/insights\/es\/wp-json\/wp\/v2\/videos"}],"about":[{"href":"https:\/\/www.ie.edu\/insights\/es\/wp-json\/wp\/v2\/types\/videos"}],"wp:featuredmedia":[{"embeddable":true,"href":"https:\/\/www.ie.edu\/insights\/es\/wp-json\/wp\/v2\/media\/670159"}],"wp:attachment":[{"href":"https:\/\/www.ie.edu\/insights\/es\/wp-json\/wp\/v2\/media?parent=634359"}],"wp:term":[{"taxonomy":"schools","embeddable":true,"href":"https:\/\/www.ie.edu\/insights\/es\/wp-json\/wp\/v2\/schools?post=634359"},{"taxonomy":"areas","embeddable":true,"href":"https:\/\/www.ie.edu\/insights\/es\/wp-json\/wp\/v2\/areas?post=634359"},{"taxonomy":"subjects","embeddable":true,"href":"https:\/\/www.ie.edu\/insights\/es\/wp-json\/wp\/v2\/subjects?post=634359"}],"curies":[{"name":"wp","href":"https:\/\/api.w.org\/{rel}","templated":true}]}}

El líder y la toma de decisiones en situaciones críticas

Los retos que presenta hoy el liderazgo y las claves para la toma de decisiones en situaciones críticas son algunos de los temas que se abordan en esta entrevista que William Dávila, director de IE para Empresas e Instituciones, mantiene con Álvaro Uribe, expresidente de Colombia.

© IE Insights.

Entrevista con <strong>Álvaro Uribe</strong>, expresidente de Colombia.
