{"id":634393,"date":"2017-06-22T00:00:00","date_gmt":"2017-06-21T22:00:00","guid":{"rendered":"https:\/\/www.ie.edu\/insights\/latest-news\/videos\/planificacion-fiscal-agresiva-y-armonizacion\/"},"modified":"2025-03-17T18:34:03","modified_gmt":"2025-03-17T17:34:03","slug":"planificacion-fiscal-agresiva-y-armonizacion","status":"publish","type":"videos","link":"https:\/\/www.ie.edu\/insights\/es\/videos\/planificacion-fiscal-agresiva-y-armonizacion\/","title":{"rendered":"Planificaci\u00f3n fiscal agresiva y armonizaci\u00f3n"},"featured_media":690141,"template":"","meta":{"_has_post_settings":[]},"schools":[],"areas":[39,44,38],"subjects":[],"class_list":["post-634393","videos","type-videos","status-publish","has-post-thumbnail","hentry","areas-asuntos-globales-y-derecho","areas-estrategia","areas-control-y-finanzas"],"custom-fields":{"wpcf-video-media":["https:\/\/youtu.be\/kuckefhyamM"],"wpcf-video-description":["\u00bfCu\u00e1n probable es que los esfuerzos de la OCDE promuevan la armonizaci\u00f3n en el \u00e1rea de la tributaci\u00f3n corporativa global? Pablo Alarc\u00f3n, director acad\u00e9mico del Master in Global Taxation en IE Law School y socio fundador de Alarc\u00f3n Espinosa Abogados, responde a esta pregunta de Javier de Cendra, decano de IE Law School, en un intento de aportar claridad sobre c\u00f3mo afrontar la planificaci\u00f3n fiscal agresiva y c\u00f3mo lograr armon\u00eda en medio de un mundo globalizado que se est\u00e1 digitalizando r\u00e1pidamente.\r\n\r\n\u00a9 IE Insights.\r\n\r\n&nbsp;"],"wpcf-video-extract-enable":["1"],"wpcf-video-extract":["Por <strong>Javier de Cendra y Pablo Alarc\u00f3n<\/strong>. \u00bfCu\u00e1n probable es que los esfuerzos de la OCDE promuevan la armonizaci\u00f3n en el \u00e1rea..."],"wpcf-insights-transcription":["Imagino que algunos pa\u00edses podr\u00edan resistirse a este tipo de enfoque armonizado porque, obviamente, est\u00e1n en guerras muy competitivas y quieren asegurarse de que las tasas fiscales corporativas sean las que les gustar\u00eda establecer para ganar la batalla. Entonces, \u00bfcu\u00e1n probable es que lleguemos a un cierto grado de armonizaci\u00f3n en este campo teniendo en cuenta tambi\u00e9n la alta globalizaci\u00f3n del mundo, la elevada movilidad del capital y la rapid\u00edsima transici\u00f3n a la econom\u00eda digital? No creo que la armonizaci\u00f3n sea la prioridad. Creo que lo que realmente se quiere detener es lo que llamar\u00eda la planificaci\u00f3n fiscal agresiva y, cuando digo <em>agresiva,<\/em> me refiero a una planificaci\u00f3n fiscal que en realidad implica no pagar nada o casi nada. Quiero decir que eso no tiene sentido, pero se puede hacer dentro de la ley. Eso es lo que se quiere detener en primer lugar. Ahora la armonizaci\u00f3n es un tema m\u00e1s complicado y no creo que sea algo a corto plazo. Pienso que a m\u00e1s largo plazo ser\u00e1 cuando veamos los esfuerzos en ese sentido. Ahora, lo que se quiere detener es esta superagresiva planificaci\u00f3n fiscal."]},"_links":{"self":[{"href":"https:\/\/www.ie.edu\/insights\/es\/wp-json\/wp\/v2\/videos\/634393","targetHints":{"allow":["GET"]}}],"collection":[{"href":"https:\/\/www.ie.edu\/insights\/es\/wp-json\/wp\/v2\/videos"}],"about":[{"href":"https:\/\/www.ie.edu\/insights\/es\/wp-json\/wp\/v2\/types\/videos"}],"wp:featuredmedia":[{"embeddable":true,"href":"https:\/\/www.ie.edu\/insights\/es\/wp-json\/wp\/v2\/media\/690141"}],"wp:attachment":[{"href":"https:\/\/www.ie.edu\/insights\/es\/wp-json\/wp\/v2\/media?parent=634393"}],"wp:term":[{"taxonomy":"schools","embeddable":true,"href":"https:\/\/www.ie.edu\/insights\/es\/wp-json\/wp\/v2\/schools?post=634393"},{"taxonomy":"areas","embeddable":true,"href":"https:\/\/www.ie.edu\/insights\/es\/wp-json\/wp\/v2\/areas?post=634393"},{"taxonomy":"subjects","embeddable":true,"href":"https:\/\/www.ie.edu\/insights\/es\/wp-json\/wp\/v2\/subjects?post=634393"}],"curies":[{"name":"wp","href":"https:\/\/api.w.org\/{rel}","templated":true}]}}

Planificación fiscal agresiva y armonización

¿Cuán probable es que los esfuerzos de la OCDE promuevan la armonización en el área de la tributación corporativa global? Pablo Alarcón, director académico del Master in Global Taxation en IE Law School y socio fundador de Alarcón Espinosa Abogados, responde a esta pregunta de Javier de Cendra, decano de IE Law School, en un intento de aportar claridad sobre cómo afrontar la planificación fiscal agresiva y cómo lograr armonía en medio de un mundo globalizado que se está digitalizando rápidamente.

© IE Insights.

&nbsp;

Por <strong>Javier de Cendra y Pablo Alarcón</strong>. ¿Cuán probable es que los esfuerzos de la OCDE promuevan la armonización en el área...

Imagino que algunos países podrían resistirse a este tipo de enfoque armonizado porque, obviamente, están en guerras muy competitivas y quieren asegurarse de que las tasas fiscales corporativas sean las que les gustaría establecer para ganar la batalla. Entonces, ¿cuán probable es que lleguemos a un cierto grado de armonización en este campo teniendo en cuenta también la alta globalización del mundo, la elevada movilidad del capital y la rapidísima transición a la economía digital? No creo que la armonización sea la prioridad. Creo que lo que realmente se quiere detener es lo que llamaría la planificación fiscal agresiva y, cuando digo <em>agresiva,</em> me refiero a una planificación fiscal que en realidad implica no pagar nada o casi nada. Quiero decir que eso no tiene sentido, pero se puede hacer dentro de la ley. Eso es lo que se quiere detener en primer lugar. Ahora la armonización es un tema más complicado y no creo que sea algo a corto plazo. Pienso que a más largo plazo será cuando veamos los esfuerzos en ese sentido. Ahora, lo que se quiere detener es esta superagresiva planificación fiscal.
